{"id":2822,"date":"2025-02-10T18:54:42","date_gmt":"2025-02-10T18:54:42","guid":{"rendered":"http:\/\/clubedolivrofec.com.br\/?post_type=product&#038;p=2822"},"modified":"2025-02-11T21:36:25","modified_gmt":"2025-02-11T21:36:25","slug":"fevereiro-2025","status":"publish","type":"product","link":"https:\/\/clubedolivrofec.com.br\/?product=fevereiro-2025","title":{"rendered":"Fevereiro\/2025"},"content":{"rendered":"<p>O que \u00e9 a obsess\u00e3o espiritual? Como ocorre? Quais suas causas e consequ\u00eancias? Como evit\u00e1-la? Desmistificando supersti\u00e7\u00f5es e falsas cren\u00e7as quanto<br \/>\n\u00e0 exist\u00eancia de seres diab\u00f3licos ou demon\u00edacos, Quem tem medo da obsess\u00e3o? apresenta a contribui\u00e7\u00e3o da Doutrina Esp\u00edrita para o tratamento e a preven\u00e7\u00e3o desse mal. Por meio de casos ilustrativos e coment\u00e1rios claros, did\u00e1ticos e espirituosos, Richard Simonetti, em breves cap\u00edtulos, elenca os principais aspectos relativos ao processo obsessivo, evidenciando em que medida nossos h\u00e1bitos, paix\u00f5es e v\u00edcios, sobretudo os morais, representam portas abertas para a instala\u00e7\u00e3o da obsess\u00e3o espiritual. Tens\u00f5es e ansiedades. Ang\u00fastias e depress\u00f5es. Perturba\u00e7\u00f5es e desequil\u00edbrios. Neuroses e psicoses. V\u00edcios e compuls\u00f5es. Se voc\u00ea deseja compreender os m\u00e9todos de a\u00e7\u00e3o de Esp\u00edritos obsessores, em linguagem leve e de f\u00e1cil compreens\u00e3o, as p\u00e1ginas deste livro, que conclui a exitosa trilogia Quem tem medo?, transformar\u00e3o a maneira de perceber a realidade ao seu redor.<\/p>\n","protected":false},"excerpt":{"rendered":"<p>O que \u00e9 a obsess\u00e3o espiritual? Como ocorre? Quais suas causas e consequ\u00eancias? Como evit\u00e1-la? Desmistificando supersti\u00e7\u00f5es e falsas cren\u00e7as quanto \u00e0 exist\u00eancia de seres diab\u00f3licos ou demon\u00edacos, Quem tem medo da obsess\u00e3o? apresenta a contribui\u00e7\u00e3o da Doutrina Esp\u00edrita para o tratamento e a preven\u00e7\u00e3o desse mal. Por meio de casos ilustrativos e coment\u00e1rios claros, [&#8230;]\n","protected":false},"featured_media":2828,"comment_status":"open","ping_status":"closed","template":"","meta":{"_mi_skip_tracking":false},"product_cat":[23],"product_tag":[],"class_list":{"0":"post-2822","1":"product","2":"type-product","3":"status-publish","4":"has-post-thumbnail","6":"product_cat-clube-do-livro-adulto","8":"first","9":"instock","10":"shipping-taxable","11":"product-type-simple"},"_links":{"self":[{"href":"https:\/\/clubedolivrofec.com.br\/index.php?rest_route=\/wp\/v2\/product\/2822","targetHints":{"allow":["GET"]}}],"collection":[{"href":"https:\/\/clubedolivrofec.com.br\/index.php?rest_route=\/wp\/v2\/product"}],"about":[{"href":"https:\/\/clubedolivrofec.com.br\/index.php?rest_route=\/wp\/v2\/types\/product"}],"replies":[{"embeddable":true,"href":"https:\/\/clubedolivrofec.com.br\/index.php?rest_route=%2Fwp%2Fv2%2Fcomments&post=2822"}],"wp:featuredmedia":[{"embeddable":true,"href":"https:\/\/clubedolivrofec.com.br\/index.php?rest_route=\/wp\/v2\/media\/2828"}],"wp:attachment":[{"href":"https:\/\/clubedolivrofec.com.br\/index.php?rest_route=%2Fwp%2Fv2%2Fmedia&parent=2822"}],"wp:term":[{"taxonomy":"product_cat","embeddable":true,"href":"https:\/\/clubedolivrofec.com.br\/index.php?rest_route=%2Fwp%2Fv2%2Fproduct_cat&post=2822"},{"taxonomy":"product_tag","embeddable":true,"href":"https:\/\/clubedolivrofec.com.br\/index.php?rest_route=%2Fwp%2Fv2%2Fproduct_tag&post=2822"}],"curies":[{"name":"wp","href":"https:\/\/api.w.org\/{rel}","templated":true}]}}