{"id":2814,"date":"2024-08-28T19:25:40","date_gmt":"2024-08-28T19:25:40","guid":{"rendered":"http:\/\/clubedolivrofec.com.br\/?post_type=product&#038;p=2814"},"modified":"2024-08-28T19:26:50","modified_gmt":"2024-08-28T19:26:50","slug":"dezembro-2024","status":"publish","type":"product","link":"https:\/\/clubedolivrofec.com.br\/?product=dezembro-2024","title":{"rendered":"Dezembro 2024"},"content":{"rendered":"<p>Ao longo dos s\u00e9culos, intelectuais e religiosos se debru\u00e7aram sobre as li\u00e7\u00f5es do Evangelho de Jesus, comentando-as de acordo com o contexto hist\u00f3rico, social e pol\u00edtico em que viveram. No entanto, surgiu uma obra que soube interpretar o Cristianismo em sua original pureza e simplicidade \u2013O evangelho segundo o espiritismo, de Allan Kardec. Publicado em 1864, o livro acrescenta \u00e0s reconfortantes mensagens de Esp\u00edritos Superiores, em torno dos ensinos morais do Cristo, a an\u00e1lise l\u00f3gica, profunda e clara do Codificador do Espiritismo. Em homenagem aos cem anos da obra esp\u00edrita mais lida da Hist\u00f3ria, completados em 1964, Emmanuel presenteia o leitor com um estudo absolutamente excepcional. Em noventa cap\u00edtulos, o guia espiritual de Francisco C\u00e2ndido Xavier, principal continuador de Allan Kardec, comenta trechos comparados do Novo Testamento e de O evangelho segundo o espiritismo, demonstrando que a mensagem crist\u00e3 da Esperan\u00e7a, \u00e0 luz do Consolador Prometido, permanece um Livro aberto, em todas as \u00e9pocas da Humanide.<\/p>\n","protected":false},"excerpt":{"rendered":"<p>Ao longo dos s\u00e9culos, intelectuais e religiosos se debru\u00e7aram sobre as li\u00e7\u00f5es do Evangelho de Jesus, comentando-as de acordo com o contexto hist\u00f3rico, social e pol\u00edtico em que viveram. No entanto, surgiu uma obra que soube interpretar o Cristianismo em sua original pureza e simplicidade \u2013O evangelho segundo o espiritismo, de Allan Kardec. Publicado em [&#8230;]\n","protected":false},"featured_media":2815,"comment_status":"open","ping_status":"closed","template":"","meta":{"_mi_skip_tracking":false},"product_cat":[23],"product_tag":[],"class_list":{"0":"post-2814","1":"product","2":"type-product","3":"status-publish","4":"has-post-thumbnail","6":"product_cat-clube-do-livro-adulto","8":"first","9":"instock","10":"shipping-taxable","11":"product-type-simple"},"_links":{"self":[{"href":"https:\/\/clubedolivrofec.com.br\/index.php?rest_route=\/wp\/v2\/product\/2814","targetHints":{"allow":["GET"]}}],"collection":[{"href":"https:\/\/clubedolivrofec.com.br\/index.php?rest_route=\/wp\/v2\/product"}],"about":[{"href":"https:\/\/clubedolivrofec.com.br\/index.php?rest_route=\/wp\/v2\/types\/product"}],"replies":[{"embeddable":true,"href":"https:\/\/clubedolivrofec.com.br\/index.php?rest_route=%2Fwp%2Fv2%2Fcomments&post=2814"}],"wp:featuredmedia":[{"embeddable":true,"href":"https:\/\/clubedolivrofec.com.br\/index.php?rest_route=\/wp\/v2\/media\/2815"}],"wp:attachment":[{"href":"https:\/\/clubedolivrofec.com.br\/index.php?rest_route=%2Fwp%2Fv2%2Fmedia&parent=2814"}],"wp:term":[{"taxonomy":"product_cat","embeddable":true,"href":"https:\/\/clubedolivrofec.com.br\/index.php?rest_route=%2Fwp%2Fv2%2Fproduct_cat&post=2814"},{"taxonomy":"product_tag","embeddable":true,"href":"https:\/\/clubedolivrofec.com.br\/index.php?rest_route=%2Fwp%2Fv2%2Fproduct_tag&post=2814"}],"curies":[{"name":"wp","href":"https:\/\/api.w.org\/{rel}","templated":true}]}}