{"id":2538,"date":"2022-08-01T12:38:13","date_gmt":"2022-08-01T12:38:13","guid":{"rendered":"https:\/\/clubedolivrofec.com.br\/?post_type=product&#038;p=2538"},"modified":"2023-05-19T01:25:22","modified_gmt":"2023-05-19T01:25:22","slug":"agosto-2022","status":"publish","type":"product","link":"https:\/\/clubedolivrofec.com.br\/?product=agosto-2022","title":{"rendered":"Agosto 2022"},"content":{"rendered":"<p>Do \u00e1tomo ao arcanjo, do reino mineral ao Reino Divino, instintos e maus sentimentos tornam-se virtudes e qualidades do Esp\u00edrito, nessa epopeia evolutiva do princ\u00edpio inteligente. Como, por\u00e9m, isso se opera? De que modo abrevi\u00e1-la? Com\u00a0 simplicidade admir\u00e1vel, Angel Aguarod desvenda, nestas p\u00e1ginas preciosas, o roteiro seguro para o desenvolvimento das faculdades superiores da alma. Grandes ou pequenas, as elenca e analisa, de maneira met\u00f3dica e ordenada. Paci\u00eancia, bondade, justi\u00e7a, paz \u2013 n\u00e3o mais as especula\u00e7\u00f5es meramente te\u00f3ricas, t\u00e3o antiquadas. Aqui, as virtudes s\u00e3o estudadas\u00a0como se tang\u00edveis fossem. As qualidades morais perdem a abstra\u00e7\u00e3o e parecem ganhar corpo, forma e perfume, para que o Evangelho e o Espiritismo possam ser, enfim, vividos. Afinal, somente pela aplica\u00e7\u00e3o pr\u00e1tica dos ideais abra\u00e7ados \u00e9 que se efetua a complexa ascens\u00e3o do Esp\u00edrito, dif\u00edcil a princ\u00edpio,\u00a0gloriosa por fim.<\/p>\n<p>Autor: Angel Aguarod<\/p>\n<p>Assunto: Filosofia<\/p>\n<p>Idioma: Portugues<\/p>\n<p>Editora: FEB<\/p>\n<p>ISBN: 9788594663153<\/p>\n<p>Paginas: 248<\/p>\n<p>Dimens\u00f5es: 20,5 cm x 13,50 cm\u00a0 \u2013 Brochura<\/p>\n","protected":false},"excerpt":{"rendered":"<p>Do \u00e1tomo ao arcanjo, do reino mineral ao Reino Divino, instintos e maus sentimentos tornam-se virtudes e qualidades do Esp\u00edrito, nessa epopeia evolutiva do princ\u00edpio inteligente. Como, por\u00e9m, isso se opera? De que modo abrevi\u00e1-la? Com\u00a0 simplicidade admir\u00e1vel, Angel Aguarod desvenda, nestas p\u00e1ginas preciosas, o roteiro seguro para o desenvolvimento das faculdades superiores da alma. [&#8230;]\n","protected":false},"featured_media":2664,"comment_status":"open","ping_status":"closed","template":"","meta":{"_mi_skip_tracking":false},"product_cat":[23],"product_tag":[],"class_list":{"0":"post-2538","1":"product","2":"type-product","3":"status-publish","4":"has-post-thumbnail","6":"product_cat-clube-do-livro-adulto","8":"first","9":"instock","10":"shipping-taxable","11":"product-type-simple"},"_links":{"self":[{"href":"https:\/\/clubedolivrofec.com.br\/index.php?rest_route=\/wp\/v2\/product\/2538","targetHints":{"allow":["GET"]}}],"collection":[{"href":"https:\/\/clubedolivrofec.com.br\/index.php?rest_route=\/wp\/v2\/product"}],"about":[{"href":"https:\/\/clubedolivrofec.com.br\/index.php?rest_route=\/wp\/v2\/types\/product"}],"replies":[{"embeddable":true,"href":"https:\/\/clubedolivrofec.com.br\/index.php?rest_route=%2Fwp%2Fv2%2Fcomments&post=2538"}],"wp:featuredmedia":[{"embeddable":true,"href":"https:\/\/clubedolivrofec.com.br\/index.php?rest_route=\/wp\/v2\/media\/2664"}],"wp:attachment":[{"href":"https:\/\/clubedolivrofec.com.br\/index.php?rest_route=%2Fwp%2Fv2%2Fmedia&parent=2538"}],"wp:term":[{"taxonomy":"product_cat","embeddable":true,"href":"https:\/\/clubedolivrofec.com.br\/index.php?rest_route=%2Fwp%2Fv2%2Fproduct_cat&post=2538"},{"taxonomy":"product_tag","embeddable":true,"href":"https:\/\/clubedolivrofec.com.br\/index.php?rest_route=%2Fwp%2Fv2%2Fproduct_tag&post=2538"}],"curies":[{"name":"wp","href":"https:\/\/api.w.org\/{rel}","templated":true}]}}