{"id":2518,"date":"2022-12-01T11:28:26","date_gmt":"2022-12-01T11:28:26","guid":{"rendered":"https:\/\/clubedolivrofec.com.br\/?post_type=product&#038;p=2518"},"modified":"2023-05-19T01:24:53","modified_gmt":"2023-05-19T01:24:53","slug":"dezembro-2022","status":"publish","type":"product","link":"https:\/\/clubedolivrofec.com.br\/?product=dezembro-2022","title":{"rendered":"Dezembro 2022"},"content":{"rendered":"<p><strong>ANTOLOGIA MEDI\u00daNICA DO NATAL\u00a0<\/strong><\/p>\n<p>Ao clar\u00e3o do Natal, que em ti acorda a m\u00fasica da esperan\u00e7a, escuta a voz de algu\u00e9m que te busca o ninho da pr\u00f3pria alma!\u2026 Algu\u00e9m que te acende a estrela da<br \/>\ngenerosidade nos olhos e te ado\u00e7a o sentimento, qual se trouxesses uma harpa de ternura escondida no peito. Sim, \u00e9 Jesus, o amigo fiel, que volta.<br \/>\nAssim nos fala carinhosamente o Esp\u00edrito Meimei em um dos cap\u00edtulos desta encantadora obra medi\u00fanica, na qual se misturam prosa e poesia para focalizarem a maior data da cristandade, exaltando a figura de nosso Senhor Jesus Cristo.<br \/>\nDezenas de autores espirituais v\u00eam ofertar-nos belas mensagens natalinas, traduzindo, na forma de letras, seus pensamentos de gratid\u00e3o e amor, de esclarecimento e esperan\u00e7a.\u00a0 O leitor encontrar\u00e1 significativas medita\u00e7\u00f5es em torno do real significado do Natal, compreendendo que todos n\u00f3s<br \/>\npodemos fazer dos nossos cora\u00e7\u00f5es a morada permanente de Jesus.<\/p>\n<p>Autor: Francisco C\u00e2ndido Xavier (Esp\u00edritos Diversos)<\/p>\n<p>Assunto: Poema<\/p>\n<p>Idioma: Portugues<\/p>\n<p>Editora: FEB<\/p>\n<p>ISBN: 9788594660428<\/p>\n<p>Paginas: 215<\/p>\n<p>Dimens\u00f5es: 14 cm x 21,00 cm<\/p>\n","protected":false},"excerpt":{"rendered":"<p>ANTOLOGIA MEDI\u00daNICA DO NATAL\u00a0 Ao clar\u00e3o do Natal, que em ti acorda a m\u00fasica da esperan\u00e7a, escuta a voz de algu\u00e9m que te busca o ninho da pr\u00f3pria alma!\u2026 Algu\u00e9m que te acende a estrela da generosidade nos olhos e te ado\u00e7a o sentimento, qual se trouxesses uma harpa de ternura escondida no peito. Sim, [&#8230;]\n","protected":false},"featured_media":2666,"comment_status":"open","ping_status":"closed","template":"","meta":{"_mi_skip_tracking":false},"product_cat":[23],"product_tag":[],"class_list":{"0":"post-2518","1":"product","2":"type-product","3":"status-publish","4":"has-post-thumbnail","6":"product_cat-clube-do-livro-adulto","8":"first","9":"instock","10":"shipping-taxable","11":"product-type-simple"},"_links":{"self":[{"href":"https:\/\/clubedolivrofec.com.br\/index.php?rest_route=\/wp\/v2\/product\/2518","targetHints":{"allow":["GET"]}}],"collection":[{"href":"https:\/\/clubedolivrofec.com.br\/index.php?rest_route=\/wp\/v2\/product"}],"about":[{"href":"https:\/\/clubedolivrofec.com.br\/index.php?rest_route=\/wp\/v2\/types\/product"}],"replies":[{"embeddable":true,"href":"https:\/\/clubedolivrofec.com.br\/index.php?rest_route=%2Fwp%2Fv2%2Fcomments&post=2518"}],"wp:featuredmedia":[{"embeddable":true,"href":"https:\/\/clubedolivrofec.com.br\/index.php?rest_route=\/wp\/v2\/media\/2666"}],"wp:attachment":[{"href":"https:\/\/clubedolivrofec.com.br\/index.php?rest_route=%2Fwp%2Fv2%2Fmedia&parent=2518"}],"wp:term":[{"taxonomy":"product_cat","embeddable":true,"href":"https:\/\/clubedolivrofec.com.br\/index.php?rest_route=%2Fwp%2Fv2%2Fproduct_cat&post=2518"},{"taxonomy":"product_tag","embeddable":true,"href":"https:\/\/clubedolivrofec.com.br\/index.php?rest_route=%2Fwp%2Fv2%2Fproduct_tag&post=2518"}],"curies":[{"name":"wp","href":"https:\/\/api.w.org\/{rel}","templated":true}]}}