{"id":598,"date":"2022-02-13T00:23:08","date_gmt":"2022-02-13T00:23:08","guid":{"rendered":"http:\/\/clubedolivrofec.com.br\/?page_id=598"},"modified":"2023-02-19T22:52:01","modified_gmt":"2023-02-19T22:52:01","slug":"porque-associar-se","status":"publish","type":"page","link":"https:\/\/clubedolivrofec.com.br\/?page_id=598","title":{"rendered":"PORQUE ASSOCIAR-SE"},"content":{"rendered":"\n\t<section class=\"section\" id=\"section_458847655\">\n\t\t<div class=\"bg section-bg fill bg-fill  bg-loaded\" >\n\n\t\t\t\n\t\t\t<div class=\"section-bg-overlay absolute fill\"><\/div>\n\t\t\t\n\t<div class=\"is-border\"\n\t\tstyle=\"border-color:rgb(235, 235, 235);border-width:1px 0px 0px 0px;\">\n\t<\/div>\n\n\t\t<\/div>\n\n\t\t<div class=\"section-content relative\">\n\t\t\t\n\n<div class=\"row row-large align-center\"  id=\"row-9351923\">\n\n\n\t<div id=\"col-1527022885\" class=\"col medium-6 small-12 large-6\"  >\n\t\t<div class=\"col-inner text-center dark\"  >\n\t\t\t\n\t\t\t\n\n\t<div id=\"text-2305637944\" class=\"text\">\n\t\t\n\n<p>\u00a0<\/p>\n<h1 style=\"text-align: left;\"><span style=\"font-size: 170%;\"><strong>Porque Aderir<\/strong><\/span><\/h1>\n<h2 style=\"text-align: left;\"><strong>01 &#8211; Voc\u00ea recebe obras de qualidade<\/strong><\/h2>\n<h4 style=\"text-align: left;\">A FEC analisa e seleciona as obras que chegam at\u00e9 voc\u00ea.<\/h4>\n<h2 style=\"text-align: left;\"><strong>02 &#8211; Sem custo de frete<\/strong><\/h2>\n<h4 style=\"text-align: left;\">Voc\u00ea retira o seu livro no Centro Esp\u00edrita que voc\u00ea frequenta, ou aquele onde voc\u00ea fez a sua ades\u00e3o.<\/h4>\n<h2 style=\"text-align: left;\"><strong>03 &#8211; Melhor custo x benef\u00edcio<\/strong><\/h2>\n<h4 style=\"text-align: left;\">Valor inferior ao pre\u00e7o de capa do livro.<\/h4>\n<h2 style=\"text-align: left;\"><strong>04 &#8211; Voc\u00ea contribui com o Movimento Esp\u00edrita<\/strong><\/h2>\n<h4 style=\"text-align: left;\">Parte do valor das assinaturas fica no pr\u00f3prio Centro Esp\u00edrita onde voc\u00ea fez a sua ades\u00e3o.<\/h4>\n\t\t\n<style>\n#text-2305637944 {\n  color: rgb(0,0,0);\n}\n#text-2305637944 > * {\n  color: rgb(0,0,0);\n}\n<\/style>\n\t<\/div>\n\t\n\n\t\t<\/div>\n\t\t\t<\/div>\n\n\t\n\n\t<div id=\"col-1018628492\" class=\"col medium-6 small-12 large-6\"  data-animate=\"flipInY\">\n\t\t<div class=\"col-inner text-left box-shadow-2 box-shadow-5-hover\" style=\"background-color:rgb(255, 255, 255);\" >\n\t\t\t\n\t\t\t\n\n\t<div class=\"img has-hover x md-x lg-x y md-y lg-y\" id=\"image_693815871\">\n\t\t\t\t\t\t\t\t<div class=\"img-inner dark\" >\n\t\t\t<img loading=\"lazy\" decoding=\"async\" width=\"1020\" height=\"638\" src=\"https:\/\/clubedolivrofec.com.br\/wp-content\/uploads\/2022\/03\/livro_coracao-1024x640.jpeg\" class=\"attachment-large size-large\" alt=\"\" srcset=\"https:\/\/clubedolivrofec.com.br\/wp-content\/uploads\/2022\/03\/livro_coracao-1024x640.jpeg 1024w, https:\/\/clubedolivrofec.com.br\/wp-content\/uploads\/2022\/03\/livro_coracao-600x375.jpeg 600w, https:\/\/clubedolivrofec.com.br\/wp-content\/uploads\/2022\/03\/livro_coracao-300x188.jpeg 300w, https:\/\/clubedolivrofec.com.br\/wp-content\/uploads\/2022\/03\/livro_coracao-768x480.jpeg 768w, https:\/\/clubedolivrofec.com.br\/wp-content\/uploads\/2022\/03\/livro_coracao.jpeg 1280w\" sizes=\"auto, (max-width: 1020px) 100vw, 1020px\" \/>\t\t\t\t\t\t\n\t\t\t\t\t<\/div>\n\t\t\t\t\t\t\t\t\n<style>\n#image_693815871 {\n  width: 100%;\n}\n<\/style>\n\t<\/div>\n\t\n\n\n\t\t<\/div>\n\t\t\n<style>\n#col-1018628492 > .col-inner {\n  padding: 15px 15px 15px 15px;\n}\n<\/style>\n\t<\/div>\n\n\t\n\n<\/div>\n\n\t\t<\/div>\n\n\t\t\n<style>\n#section_458847655 {\n  padding-top: 59px;\n  padding-bottom: 59px;\n  min-height: 300px;\n  background-color: #446084;\n}\n#section_458847655 .section-bg-overlay {\n  background-color: rgb(231, 222, 222);\n}\n<\/style>\n\t<\/section>\n\t\n<\/h5>\n\n","protected":false},"excerpt":{"rendered":"","protected":false},"author":1,"featured_media":0,"parent":0,"menu_order":0,"comment_status":"closed","ping_status":"closed","template":"","meta":{"_mi_skip_tracking":false,"footnotes":""},"class_list":["post-598","page","type-page","status-publish","hentry"],"_links":{"self":[{"href":"https:\/\/clubedolivrofec.com.br\/index.php?rest_route=\/wp\/v2\/pages\/598","targetHints":{"allow":["GET"]}}],"collection":[{"href":"https:\/\/clubedolivrofec.com.br\/index.php?rest_route=\/wp\/v2\/pages"}],"about":[{"href":"https:\/\/clubedolivrofec.com.br\/index.php?rest_route=\/wp\/v2\/types\/page"}],"author":[{"embeddable":true,"href":"https:\/\/clubedolivrofec.com.br\/index.php?rest_route=\/wp\/v2\/users\/1"}],"replies":[{"embeddable":true,"href":"https:\/\/clubedolivrofec.com.br\/index.php?rest_route=%2Fwp%2Fv2%2Fcomments&post=598"}],"version-history":[{"count":145,"href":"https:\/\/clubedolivrofec.com.br\/index.php?rest_route=\/wp\/v2\/pages\/598\/revisions"}],"predecessor-version":[{"id":2639,"href":"https:\/\/clubedolivrofec.com.br\/index.php?rest_route=\/wp\/v2\/pages\/598\/revisions\/2639"}],"wp:attachment":[{"href":"https:\/\/clubedolivrofec.com.br\/index.php?rest_route=%2Fwp%2Fv2%2Fmedia&parent=598"}],"curies":[{"name":"wp","href":"https:\/\/api.w.org\/{rel}","templated":true}]}}